
-84
Convert 14 (base 9) to base 3.
111
0 (base 12) to base 9
0
Convert -1 (base 4) to base 16.
-1
-3 (base 8) to base 14
-3
-51 (base 7) to base 11
-33
11 (base 3) to base 12
4
-10 (base 3) to base 13
-3
-11011 (base 2) to base 16
-1b
Convert -61 (base 7) to base 2.
-101011
What is b7 (base 12) in base 5?
1024
-5 (base 8) to base 16
-5
What is 25 (base 12) in base 11?
27
What is -117 (base 9) in base 8?
-141
-2 (base 12) to base 13
-2
-1 (base 16) to base 3
-1
What is 3 (base 13) in base 9?
3
Convert -1011110 (base 2) to base 12.
-7a
Convert -11a (base 14) to base 10.
-220
What is -18 (base 15) in base 8?
-27
What is 1 (base 15) in base 8?
1
What is 13 (base 11) in base 5?
24
Convert 7 (base 8) to base 11.
7
Convert -11200 (base 3) to base 14.
-90
What is 3 (base 15) in base 12?
3
What is 14 (base 10) in base 13?
11
-101 (base 2) to base 12
-5
Convert 33 (base 6) to base 10.
21
What is -11 (base 3) in base 6?
-4
4 (base 5) to base 9
4
0 (base 13) to base 4
0
-1100 (base 2) to base 7
-15
What is -15 (base 14) in base 7?
-25
Convert -49 (base 15) to base 3.
-2120
What is -100 (base 2) in base 8?
-4
Convert 2 (base 5) to base 10.
2
6 (base 11) to base 9
6
What is 2 (base 7) in base 9?
2
Convert -122 (base 5) to base 2.
-100101
Convert 24 (base 13) to base 15.
20
-d (base 16) to base 12
-11
a8 (base 16) to base 7
330
-4 (base 5) to base 12
-4
What is 1 (base 4) in base 11?
1
-211 (base 11) to base 10
-254
Convert -46 (base 11) to base 13.
-3b
Convert -11022 (base 3) to base 16.
-74
23 (base 16) to base 9
38
What is -112 (base 6) in base 7?
-62
f2 (base 16) to base 15
112
3a (base 11) to base 10
43
14 (base 5) to base 9
10
What is 0 (base 2) in base 11?
0
What is -211 (base 3) in base 4?
-112
Convert 21100 (base 3) to base 10.
198
What is 12 (base 8) in base 13?
a
Convert -1 (base 16) to base 2.
-1
What is -10 (base 2) in base 9?
-2
What is -9a (base 13) in base 10?
-127
24 (base 7) to base 14
14
Convert 0 (base 6) to base 3.
0
-2 (base 13) to base 5
-2
What is 111 (base 3) in base 16?
d
Convert -e (base 15) to base 9.
-15
What is 37 (base 9) in base 13?
28
Convert -12 (base 6) to base 11.
-8
Convert 8 (base 12) to base 7.
11
Convert 101010 (base 2) to base 11.
39
-9 (base 12) to base 3
-100
Convert 5e (base 16) to base 6.
234
1 (base 6) to base 14
1
What is 11000 (base 2) in base 5?
44
What is 2 (base 11) in base 9?
2
2 (base 5) to base 14
2
What is -9 (base 10) in base 16?
-9
Convert 0 (base 4) to base 5.
0
-71 (base 16) to base 9
-135
4 (base 9) to base 16
4
What is 127 (base 9) in base 10?
106
What is c (base 14) in base 4?
30
Convert 1 (base 9) to base 2.
1
4 (base 8) to base 2
100
Convert 21 (base 16) to base 11.
30
-216 (base 7) to base 16
-6f
7 (base 14) to base 4
13
12 (base 4) to base 10
6
What is -13 (base 4) in base 12?
-7
What is 10011 (base 2) in base 9?
21
What is -4 (base 13) in base 7?
-4
4 (base 5) to base 11
4
16 (base 9) to base 2
1111
Convert 1001 (base 3) to base 15.
1d
-6 (base 8) to base 9
-6
What is 110010 (base 2) in base 10?
50
What is 2 (base 4) in base 9?
2
-10 (base 14) to base 10
-14
What is 4 (base 7) in base 12?
4
Convert -28 (base 9) to base 11.
-24
-102 (base 3) to base 10
-11
Convert -5 (base 12) to base 7.
-5
What is 165 (base 8) in base 13?
90
What is -21 (base 3) in base 14?
-7
What is 73 (base 10) in base 4?
1021
What is -33 (base 11) in base 14?
-28
100 (base 4) to base 3
121
Convert 4 (base 9) to base 14.
4
What is -2 (base 5) in base 15?
-2
What is -177 (base 10) in base 2?
-10110001
1a (base 14) to base 3
220
Convert -20 (base 7) to base 10.
-14
What is -4 (base 11) in base 4?
-10
What is -2 (base 12) in base 4?
-2
Convert 5 (base 15) to base 14.
5
4 (base 5) to base 13
4
What is -3 (base 7) in base 11?
-3
4c (base 15) to base 3
2200
Convert -142 (base 6) to base 11.
-57
Convert -10 (base 5) to base 2.
-101
Convert -304 (base 5) to base 4.
-1033
Convert 40 (base 6) to base 7.
33
Convert -9 (base 14) to base 13.
-9
16 (base 14) to base 15
15
Convert 135 (base 9) to base 7.
221
Convert 1 (base 6) to base 15.
1
What is -174 (base 16) in base 13?
-228
-22 (base 15) to base 5
-112
What is 1 (base 12) in base 10?
1
Convert -3 (base 12) to base 16.
-3
2 (base 16) to base 3
2
Convert 2 (base 9) to base 6.
2
Convert 26 (base 12) to base 5.
110
79 (base 10) to base 5
304
What is 26 (base 7) in base 15?
15
3 (base 5) to base 7
3
What is -105 (base 11) in base 8?
-176
Convert -2 (base 15) to base 13.
-2
Convert 64 (base 8) to base 10.
52
Convert 303 (base 5) to base 8.
116
What is -a (base 11) in base 9?
-11
56 (base 14) to base 7
136
What is 40 (base 7) in base 10?
28
Convert 23 (base 11) to base 9.
27
210 (base 3) to base 10
21
What is -b (base 15) in base 12?
-b
Convert 1110 (base 3) to base 8.
47
Convert -66 (base 9) to base 5.
-220
What is 11110 (base 2) in base 7?
42
-53 (base 7) to base 10
-38
20 (base 10) to base 9
22
What is 11 (base 4) in base 10?
5
3 (base 11) to base 12
3
Convert 6 (base 7) to base 2.
110
-10 (base 4) to base 12
-4
Convert 179 (base 12) to base 8.
355
Convert 3 (base 4) to base 6.
3
Convert 35 (base 15) to base 12.
42
Convert -1 (base 13) to base 8.
-1
Convert e (base 16) to base 5.
24
Convert -1121 (base 3) to base 4.
-223
2 (base 12) to base 10
2
What is 323 (base 6) in base 15?
83
233 (base 5) to base 15
48
-13 (base 5) to base 12
-8
Convert -20 (base 7) to base 16.
-e
Convert -d2 (base 15) to base 12.
-145
What is -14 (base 10) in base 15?
-e
What is 11 (base 11) in base 12?
10
14 (base 10) to base 14
10
-6 (base 13) to base 3
-20
What is 0 (base 3) in base 14?
0
What is 102 (base 4) in base 14?
14
What is -3220 (base 4) in base 13?
-14b
What is -310 (base 5) in base 7?
-143
1100 (base 4) to base 6
212
What is -10 (base 5) in base 12?
-5
-a (base 14) to base 9
-11
93 (base 14) to base 3
11210
What is -3 (base 5) in base 16?
-3
What is 103 (base 8) in base 2?
1000011
Convert -11 (base 10) to base 13.
-b
Convert -a (base 13) to base 5.
-20
What is 0 (base 5) in base 12?
0
2a (base 12) to base 5
114
What is a (base 11) in base 9?
11
9 (base 14) to base 13
9
Convert -40 (base 9) to base 6.
-100
-3 (base 10) to base 4
-3
What is 11011 (base 2) in base 15?
1c
Convert -4 (base 15) to base 10.
-4
What is -5 (base 9) in base 4?
-11
-8 (base 13) to base 15
-8
What is 66 (base 16) in base 4?
1212
Convert -26 (base 9) to base 15.
-19
2 (base 4) to base 8
2
What is 1 (base 16) in base 13?
1
What is -2 (base 7) in base 5?
-2
Convert -102 (base 5) to base 11.
-25
Convert 2 (base 16) to base 7.
2
What is -32 (base 4) in base 13?
-11
Convert -2 (base 15) to base 8.
-2
Convert 20 (base 13) to base 4.
122
-23 (base 5) to base 14
-d
What is -10 (base 3) in base 2?
-11
221 (base 3) to base 6
41
23 (base 16) to base 8
43
Convert -49 (base 12) to base 2.
-111001
What is 31 (base 4) in base 5?
23
2 (base 8) to base 14
2
What is -20 (base 10) in base 11?
-19
Convert 0 (base 5) to base 10.
0
66 (base 11) to base 9
80
-401 (base 5) to base 4
-1211
Convert -1 (base 4) to base 13.
-1
Convert 112 (base 3) to base 13.
11
What is -2 (base 13) in base 8?
-2
-330 (base 4) to base 6
-140
-1010 (base 2) to base 3
-101
Convert 20 (base 5) to base 14.
a
What is 25 (base 8) in base 2?
10101
What is 3 (base 6) in base 4?
3
What is 222 (base 3) in base 6?
42
Convert 74 (base 11) to base 5.
311
-1002 (base 7) to base 13
-207
Convert -13 (base 14) to base 5.
-32
What is 29 (base 16) in base 10?
41
Convert 23 (base 10) to base 7.
32
Convert -10001 (base 2) to base 13.
-14
Convert 2 (base 15) to base 5.
2
What is 9 (base 13) in base 15?
9
Convert -44 (base 8) to base 14.
-28
Convert 118 (base 16) to base 3.
101101
What is -c (base 16) in base 6?
-20
Convert 81 (base 13) to base 12.
89
What is -1333 (base 4) in base 3?
-11201
-4 (base 5) to base 11
-4
What is -22 (base 10) in base 15?
-17
Convert -4e (base 16) to base 9.
-86
What is 33 (base 6) in base 10?
21
What is -4 (base 7) in base 6?
-4
What is 1c (base 15) in base 4?
123
a (base 16) to base 4
22
6 (base 16) to base 4
12
d (base 14) to base 2
1101
3 (base 16) to base 6
3
Convert -1 (base 6) to base 5.
-1
Convert -26 (base 10) to base 14.
-1c
What is 2 (base 4) in base 2?
10
2 (base 4) to base 7
2
Convert 14 (base 11) to base 13.
12
Convert -23 (base 16) to base 7.
-50